{"id":73,"date":"2022-12-28T04:54:19","date_gmt":"2022-12-28T04:54:19","guid":{"rendered":"https:\/\/acogra.com\/?post_type=product&#038;p=73"},"modified":"2025-11-08T12:25:39","modified_gmt":"2025-11-08T12:25:39","slug":"power-plant-algodon-extra-2","status":"publish","type":"product","link":"https:\/\/acogra.com\/index.php\/product\/power-plant-algodon-extra-2\/","title":{"rendered":"POWERPLANT ALGOD\u00d3N EXTRA 2"},"content":{"rendered":"<p><strong>Grado equivalente: 4,5 \u2013 7,3 \u2013 2,1 \u2013 12 (SO<sub>4<\/sub><sup>-2<\/sup>)\u00a0 <\/strong><\/p>\n<p><strong>Ph: 2,2<\/strong><\/p>\n<p><strong>DENSIDAD: 1,20 g\/ml<\/strong><\/p>\n<p><img decoding=\"async\" class=\"alignnone size-full wp-image-761 aligncenter\" src=\"http:\/\/acogra.com\/wp-content\/uploads\/2023\/06\/ppalgodon2.png\" alt=\"\" width=\"300\" height=\"147\" \/><\/p>\n<table width=\"302\">\n<tbody>\n<tr>\n<td width=\"208\"><strong>COMPOSICI\u00d3N <\/strong><\/td>\n<td width=\"95\"><strong>P\/P <\/strong><\/td>\n<\/tr>\n<tr>\n<td width=\"208\">Nitr\u00f3geno ammoniacal (N)<\/td>\n<td width=\"95\">4,5 %<\/td>\n<\/tr>\n<tr>\n<td width=\"208\">F\u00f3sforo (P<sub>2<\/sub>O<sub>5<\/sub>)<\/td>\n<td width=\"95\">7,3 %<\/td>\n<\/tr>\n<tr>\n<td width=\"208\">Potasio (K<sub>2<\/sub>0)<\/td>\n<td width=\"95\">2,16 %<\/td>\n<\/tr>\n<tr>\n<td width=\"208\">Azufre (SO<sub>4<\/sub><sup>-2<\/sup>)<\/td>\n<td width=\"95\">12%<\/td>\n<\/tr>\n<tr>\n<td width=\"208\">Borato de amonio (BH<sup>12<\/sup>N<sup>3<\/sup>O<sup>3<\/sup>)<\/td>\n<td width=\"95\">163 g\/l<\/td>\n<\/tr>\n<tr>\n<td width=\"208\">Calcio (Ca<sup>+2<\/sup>)<\/td>\n<td width=\"95\">20,4 g\/l<\/td>\n<\/tr>\n<tr>\n<td width=\"208\">Zinc (Zn<sup>+2<\/sup>)<\/td>\n<td width=\"95\">6,4 g\/l<\/td>\n<\/tr>\n<tr>\n<td width=\"208\">Magnesio (Mg<sup>+2<\/sup>)<\/td>\n<td width=\"95\">3,6 g\/l<\/td>\n<\/tr>\n<tr>\n<td width=\"208\">Manganeso (Mn<sup>+2<\/sup>)<\/td>\n<td width=\"95\">1,1 g\/l<\/td>\n<\/tr>\n<\/tbody>\n<\/table>\n<p><strong>Grado equivalente: 4,5 \u2013 7,3 \u2013 2,1 \u2013 12 (SO<sub>4<\/sub><sup>-2<\/sup>)\u00a0 \u00a0 \u00a0 \u00a0 \u00a0 \u00a0 \u00a0 \u00a0 \u00a0 \u00a0 \u00a0 \u00a0 \u00a0 \u00a0 \u00a0 \u00a0 \u00a0 \u00a0 <\/strong><\/p>\n<p><strong>Ph: 2,2<\/strong><\/p>\n<p><strong>DENSIDAD: 1,20 g\/ml<\/strong><\/p>\n<p><strong>POWERPLANT<\/strong> <strong>ALGOD\u00d3N<\/strong> <strong>funciones:<\/strong><\/p>\n<ul>\n<li>Fertilizante<\/li>\n<li>Efecto BUFFER, proporcionado por los fosfatos (PO4-3).<\/li>\n<li>Traslocador de principios activos dentro de los tejidos<\/li>\n<li>Aporta micronutrientes esenciales para cubrir carencias y prevenir desordenes fisiol\u00f3gicos.<\/li>\n<li>Aumenta la calidad final del producto e Incrementa los<\/li>\n<\/ul>\n<h4>Principales caracter\u00edsticas de POWERPLANT ALGOD\u00d3N:<\/h4>\n<p>Estimula el desarrollo de \u00f3rganos vegetativos promoviendo el crecimiento de los tejidos vegetales y permitiendo una r\u00e1pida recuperaci\u00f3n de estos cuando las plantas sufrieron alg\u00fan tipo de estr\u00e9s o da\u00f1o (Derivas\u00a0 de herbicidas, granizo, sequ\u00eda prolongada, anegamiento, defoliaci\u00f3n por insectos, etc.).<\/p>\n<p><strong>EXTRA 1:<\/strong> Aporte de nutrientes esenciales en el desarrollo vegetativo y estructural del cultivo.<br \/>\n<strong>EXTRA 2:<\/strong> el Calcio y el Boro conjuntamente a una amplia cantidad de nutrientes esenciales brindan una mayor estructura en el capullo, logrando que \u00e9ste tenga un mayor peso y tama\u00f1o, y por lo tanto aumentando la cantidad y la calidad.<\/p>\n<p><strong><em>RECOMENDACIONES<\/em><\/strong> <strong><em>DE<\/em><\/strong> <strong><em>USO<\/em><\/strong><strong>:<\/strong><\/p>\n<p><strong>\u00a0<\/strong><u>3 APLICACIONES:<\/u><\/p>\n<ul>\n<li><strong>POWERPLANT ALGOD\u00d3N EXTRA 1<\/strong>, entre los d\u00edas 45 &#8211; 50 en el per\u00edodo de pimpollado antes de la floraci\u00f3n, 5 litros por hect\u00e1rea.<\/li>\n<li><strong>POWERPLANT ALGOD\u00d3N EXTRA 2<\/strong>, a los 60 d\u00edas en el inicio de floraci\u00f3n, 4 litros por hect\u00e1rea. A tener en cuenta: siempre se debe aplicar despu\u00e9s de una lluvia o riego, nunca seco.<\/li>\n<\/ul>\n<p>IMPORTANTE: AGITAR BIEN ANTES DE USAR.<\/p>\n<p><em>Las<\/em> <em>dosis<\/em> <em>son<\/em> <em>orientativas<\/em> <em>y pueden ser modificadas de acuerdo a las necesidades del cultivo y al consejo Ingeniero Agr\u00f3nomo de la zona.<\/em><\/p>\n<p>En todos los casos aplicar por la ma\u00f1ana, despu\u00e9s de secado el roci\u00f3 o por la tarde evitando las horas de mayor insolaci\u00f3n y temperatura. (Se pueden realizar aplicaciones nocturnas).Usar caudales de agua entre 50 y 80 litros por hect\u00e1rea o de acuerdo a las indicaciones del Ing. Agr\u00f3nomo de la zona.<\/p>\n<p>POWERPLANT ALGOD\u00d3N EXTRA 1 y 2 pueden ser acompa\u00f1ados con herbicidas, insecticidas o fungicidas de uso com\u00fan (realizar prueba de compatibilidad en peque\u00f1a escala). Estos productos corrigen el pH acidificando el caldo de pulverizaci\u00f3n para aumentar la velocidad de penetraci\u00f3n de los fitosanitarios. POWERPLANT EXTRA 1 es un poderoso secuestrante de cationes.<\/p>\n","protected":false},"excerpt":{"rendered":"<p><strong>Cultivo:<\/strong> <a href=\"https:\/\/acogra.com\/index.php\/algodon-2\/\">Algod\u00f3n<\/a><\/p>\n<p>POWERPLANT ALGOD\u00d3N funciones:<\/p>\n<ul>\n<li>Fertilizante foliar.<\/li>\n<li>Efecto BUFFER, proporcionado por los fosfatos (PO4-3).<\/li>\n<li>Traslocador de principios activos dentro de los tejidos vegetales.<\/li>\n<li>Aporta micronutrientes esenciales para cubrir carencias y prevenir desordenes fisiol\u00f3gicos.<\/li>\n<li>Aumenta la calidad final del producto e Incrementa los rendimientos<\/li>\n<\/ul>\n<p><a href=\"http:\/\/acogra.com\/wp-content\/uploads\/2025\/11\/pp-algodon.pdf\" target=\"_blank\" rel=\"noopener\">Descarga Ficha T\u00e9cnica<\/a><\/p>\n<p><a href=\"http:\/\/acogra.com\/wp-content\/uploads\/2025\/11\/FOLLETO-ALGODON.pdf\">Conoc\u00e9 el retorno de inversi\u00f3n de Powerplant Algod\u00f3n<\/a><\/p>\n<p>SENASA N\u00b0 60599<\/p>\n","protected":false},"featured_media":1285,"comment_status":"open","ping_status":"closed","template":"","meta":{"site-sidebar-layout":"default","site-content-layout":"default","ast-site-content-layout":"default","site-content-style":"default","site-sidebar-style":"default","ast-global-header-display":"","ast-banner-title-visibility":"","ast-main-header-display":"","ast-hfb-above-header-display":"","ast-hfb-below-header-display":"","ast-hfb-mobile-header-display":"","site-post-title":"","ast-breadcrumbs-content":"","ast-featured-img":"","footer-sml-layout":"","ast-disable-related-posts":"","theme-transparent-header-meta":"default","adv-header-id-meta":"","stick-header-meta":"","header-above-stick-meta":"","header-main-stick-meta":"","header-below-stick-meta":"","astra-migrate-meta-layouts":"set","ast-page-background-enabled":"default","ast-page-background-meta":{"desktop":{"background-color":"var(--ast-global-color-4)","background-image":"","background-repeat":"repeat","background-position":"center center","background-size":"auto","background-attachment":"scroll","background-type":"","background-media":"","overlay-type":"","overlay-color":"","overlay-opacity":"","overlay-gradient":""},"tablet":{"background-color":"","background-image":"","background-repeat":"repeat","background-position":"center center","background-size":"auto","background-attachment":"scroll","background-type":"","background-media":"","overlay-type":"","overlay-color":"","overlay-opacity":"","overlay-gradient":""},"mobile":{"background-color":"","background-image":"","background-repeat":"repeat","background-position":"center center","background-size":"auto","background-attachment":"scroll","background-type":"","background-media":"","overlay-type":"","overlay-color":"","overlay-opacity":"","overlay-gradient":""}},"ast-content-background-meta":{"desktop":{"background-color":"var(--ast-global-color-5)","background-image":"","background-repeat":"repeat","background-position":"center center","background-size":"auto","background-attachment":"scroll","background-type":"","background-media":"","overlay-type":"","overlay-color":"","overlay-opacity":"","overlay-gradient":""},"tablet":{"background-color":"var(--ast-global-color-5)","background-image":"","background-repeat":"repeat","background-position":"center center","background-size":"auto","background-attachment":"scroll","background-type":"","background-media":"","overlay-type":"","overlay-color":"","overlay-opacity":"","overlay-gradient":""},"mobile":{"background-color":"var(--ast-global-color-5)","background-image":"","background-repeat":"repeat","background-position":"center center","background-size":"auto","background-attachment":"scroll","background-type":"","background-media":"","overlay-type":"","overlay-color":"","overlay-opacity":"","overlay-gradient":""}},"_joinchat":[]},"product_brand":[],"product_cat":[36],"product_tag":[],"class_list":{"0":"post-73","1":"product","2":"type-product","3":"status-publish","4":"has-post-thumbnail","6":"product_cat-algodon","7":"desktop-align-center","8":"tablet-align-left","9":"mobile-align-left","11":"first","12":"instock","13":"shipping-taxable","14":"product-type-simple"},"_links":{"self":[{"href":"https:\/\/acogra.com\/index.php\/wp-json\/wp\/v2\/product\/73","targetHints":{"allow":["GET"]}}],"collection":[{"href":"https:\/\/acogra.com\/index.php\/wp-json\/wp\/v2\/product"}],"about":[{"href":"https:\/\/acogra.com\/index.php\/wp-json\/wp\/v2\/types\/product"}],"replies":[{"embeddable":true,"href":"https:\/\/acogra.com\/index.php\/wp-json\/wp\/v2\/comments?post=73"}],"wp:featuredmedia":[{"embeddable":true,"href":"https:\/\/acogra.com\/index.php\/wp-json\/wp\/v2\/media\/1285"}],"wp:attachment":[{"href":"https:\/\/acogra.com\/index.php\/wp-json\/wp\/v2\/media?parent=73"}],"wp:term":[{"taxonomy":"product_brand","embeddable":true,"href":"https:\/\/acogra.com\/index.php\/wp-json\/wp\/v2\/product_brand?post=73"},{"taxonomy":"product_cat","embeddable":true,"href":"https:\/\/acogra.com\/index.php\/wp-json\/wp\/v2\/product_cat?post=73"},{"taxonomy":"product_tag","embeddable":true,"href":"https:\/\/acogra.com\/index.php\/wp-json\/wp\/v2\/product_tag?post=73"}],"curies":[{"name":"wp","href":"https:\/\/api.w.org\/{rel}","templated":true}]}}