{"id":40,"date":"2022-12-27T21:43:37","date_gmt":"2022-12-27T21:43:37","guid":{"rendered":"https:\/\/acogra.com\/?post_type=product&#038;p=40"},"modified":"2025-11-08T13:16:33","modified_gmt":"2025-11-08T13:16:33","slug":"power-plant-calcio","status":"publish","type":"product","link":"https:\/\/acogra.com\/index.php\/product\/power-plant-calcio\/","title":{"rendered":"POWERPLANT CALCIO"},"content":{"rendered":"<p><img decoding=\"async\" class=\"aligncenter\" src=\"http:\/\/acogra.com\/wp-content\/uploads\/2022\/12\/18384-titulo.png\" alt=\"image\" width=\"305\" height=\"107\" \/><\/p>\n<table width=\"580\">\n<tbody>\n<tr>\n<td width=\"290\"><strong>COMPOSICI\u00d3N<\/strong><\/td>\n<td width=\"290\"><strong>P\/P<\/strong><\/td>\n<\/tr>\n<tr>\n<td width=\"290\">Nitrogeno amoniacal (N)<\/td>\n<td width=\"290\">4,3 %<\/td>\n<\/tr>\n<tr>\n<td width=\"290\">F\u00f3sforo (P<sub>2<\/sub>O<sub>5<\/sub>)<\/td>\n<td width=\"290\">3,67 %<\/td>\n<\/tr>\n<tr>\n<td width=\"290\">Potasio (K<sub>2<\/sub>O)<\/td>\n<td width=\"290\">1,07 %<\/td>\n<\/tr>\n<tr>\n<td width=\"290\">Azufre (SO<sub>4<\/sub>)<\/td>\n<td width=\"290\">10,8 %<\/td>\n<\/tr>\n<tr>\n<td width=\"290\">Calcio (Ca<sup>+2<\/sup>)<\/td>\n<td width=\"290\">33,5 g\/l<\/td>\n<\/tr>\n<tr>\n<td width=\"290\">Magnesio (Mg<sup>+2<\/sup>)<\/td>\n<td width=\"290\">2,5 g\/l<\/td>\n<\/tr>\n<tr>\n<td width=\"290\">Cobre (Cu<sup>+2<\/sup>)<\/td>\n<td width=\"290\">0,14 g\/l<\/td>\n<\/tr>\n<tr>\n<td width=\"290\">Manganeso (Mn<sup>+2<\/sup>)<\/td>\n<td width=\"290\">0,3 g\/l<\/td>\n<\/tr>\n<tr>\n<td width=\"290\">Molibdeno (MoO<sub>4<\/sub>)<\/td>\n<td width=\"290\">0,008 g\/l<\/td>\n<\/tr>\n<tr>\n<td width=\"290\">Borato de amonio (BH<sup>12<\/sup>N<sup>3<\/sup>O<sup>3<\/sup>)<\/td>\n<td width=\"290\">3,13 g\/l<\/td>\n<\/tr>\n<tr>\n<td width=\"290\">Zinc (Zn<sup>+2<\/sup>)<\/td>\n<td width=\"290\">0,6 g\/l<\/td>\n<\/tr>\n<tr>\n<td width=\"290\">Hierro (Fe)<\/td>\n<td width=\"290\">0,42 g\/l<\/td>\n<\/tr>\n<\/tbody>\n<\/table>\n<p><strong>Grado equivalente: 4,3 \u2013 3,67 \u2013 1,07 \u2013 10,8 (SO<sub>4<\/sub>)<\/strong><\/p>\n<p><strong>Ph: 3<\/strong><\/p>\n<p><strong>DENSIDAD: 1,25 g\/ml<\/strong><\/p>\n<p>&nbsp;<\/p>\n<p><strong>POWERPLANT CALCIO funciones:<\/strong><\/p>\n<ul id=\"l1\">\n<li>Fertilizante foliar.<\/li>\n<li>Aporta micronutrientes esenciales para cubrir carencias y prevenir desordenes fisiol\u00f3gicos.<\/li>\n<li>Aumenta la calidad final de los tejidos vegetales cosechados (frutos, granos, hojas, bulbos, tub\u00e9rculos, etc.)<\/li>\n<\/ul>\n<p>Este producto fue desarrollado para ser utilizado como fertilizante foliar multi-acci\u00f3n para su aplicaci\u00f3n en cualquier cultivo especialmente para incorporar nutrientes como el boro, molibdeno, calcio, magnesio, hierro, cobalto, manganeso, zinc, nitr\u00f3geno, potasio, fosforo y azufre de manera balanceada para poder lograr una nutrici\u00f3n completa.<\/p>\n<p>POWERPLANT CALCIO est\u00e1 especialmente dise\u00f1ado para prevenir desordenes fisiol\u00f3gicos provocados por carencias de calcio, azufre y magnesio.<\/p>\n<p>El calcio es fundamental para la producci\u00f3n y el crecimiento de las c\u00e9lulas, tambi\u00e9n es muy importante para preservar la permeabilidad de la membrana y la integridad de la c\u00e9lula, lo que asegura un flujo apropiado de nitr\u00f3geno y az\u00facares.<\/p>\n<p>Su fuente de nitr\u00f3geno de origen amoniacal, sumado a la pureza de sus componentes como f\u00f3sforo y potasio, estimula fuertemente el crecimiento radicular y foliar.<\/p>\n<p>POWERPLANT CALCIO promueve una r\u00e1pida asimilaci\u00f3n de los macro y micro nutrientes que lo componen, otorgando un equilibrio adecuado para el crecimiento vegetativo y desarrollo de brotes de los cultivos.<\/p>\n<p><img decoding=\"async\" class=\"aligncenter\" src=\"http:\/\/acogra.com\/wp-content\/uploads\/2022\/12\/ecoprotectores.png\" alt=\"image\" width=\"77\" height=\"108\" \/><\/p>\n<p>En cultivos frutales y hortalizas, mejora la calidad y el tama\u00f1o de los frutos, aumentando su resistencia al transporte y estr\u00e9s post cosecha.<\/p>\n<h4>RECOMENDACIONES DE USO:<\/h4>\n<p>Aplicar la dosis indicada seg\u00fan zona y cultivo, en post Emergencia. Siempre de acuerdo con las recomendaciones de un INGENIERO AGR\u00d3NOMO.<\/p>\n<p>No aplicar en horarios de mayor irradiaci\u00f3n solar o altas temperaturas.<\/p>\n<p>La fertilizaci\u00f3n foliar es un complemento y no un sustituto de la fertilizaci\u00f3n de base. No aplicar directo sobre las flores.<\/p>\n<p class=\"s6\">Aplicaci\u00f3n terrestre<span class=\"p\">: aplicar diluido en 40 a 100 lts\/ha de agua solo o en mezcla con fitosanitarios.<\/span><\/p>\n<p class=\"s6\">Aplicaci\u00f3n a\u00e9rea<span class=\"p\">: aplicar diluido en 20 lts\/ha de agua solo o en mezclas con fitosanitarios.<\/span><\/p>\n<h4>CULTIVOS Y DOSIS DE APLICACI\u00d3N:<\/h4>\n<table width=\"652\">\n<tbody>\n<tr>\n<td width=\"196\"><strong>CULTIVO<\/strong><\/td>\n<td width=\"172\"><strong>DOSIS TOTAL ACUMULADA<\/strong><\/td>\n<td width=\"283\"><strong>MOMENTO DE APLICACI\u00d3N<\/strong><\/td>\n<\/tr>\n<tr>\n<td width=\"196\">MAN\u00cd<\/td>\n<td width=\"172\">5 litros\/ha<\/td>\n<td width=\"283\">Llenado de granos.<\/td>\n<\/tr>\n<tr>\n<td width=\"196\">HORTALIZAS<\/td>\n<td width=\"172\">Entre el 1 y 2 % del caldo de pulverizaci\u00f3n.<\/td>\n<td width=\"283\">Durante todo el ciclo, cada 7 d\u00edas.<\/td>\n<\/tr>\n<tr>\n<td width=\"196\">FRUTALES<\/td>\n<td width=\"172\">De 5 a 10 litros\/ha<\/td>\n<td width=\"283\">Desde comienzo de la brotaci\u00f3n en\u00a0 adelante, cada 3 semanas.<\/td>\n<\/tr>\n<tr>\n<td width=\"196\">VID<\/td>\n<td width=\"172\">De 5 a 10 litros\/ha<\/td>\n<td width=\"283\">Al inicio del estado vegetativo, cada 3 semanas.<\/td>\n<\/tr>\n<\/tbody>\n<\/table>\n","protected":false},"excerpt":{"rendered":"<p><strong>Cultivos<\/strong>: <a href=\"https:\/\/acogra.com\/index.php\/mani-2\/\">Man\u00ed<\/a>, <a href=\"https:\/\/acogra.com\/index.php\/hortalizas-2\/\">Hortalizas<\/a>,\u00a0 <a href=\"https:\/\/acogra.com\/index.php\/frutales\/\">Vid y Frutales<\/a><\/p>\n<p>POWERPLANT CALCIO funciones:<\/p>\n<ul>\n<li>Fertilizante foliar.<\/li>\n<li>Aporta micronutrientes esenciales para cubrir carencias y prevenir desordenes fisiol\u00f3gicos.<\/li>\n<li>Aumenta la calidad final de los tejidos vegetales cosechados (frutos, granos, hojas, bulbos, tub\u00e9rculos, etc.)<\/li>\n<\/ul>\n<p>SENASA N\u00b0 18384<\/p>\n<p><a href=\"http:\/\/acogra.com\/wp-content\/uploads\/2025\/11\/pp-calcio.pdf\" target=\"_blank\" rel=\"noopener\">Descargar Ficha T\u00e9cnica<\/a><\/p>\n<p><a href=\"http:\/\/acogra.com\/wp-content\/uploads\/2025\/11\/FOLLETO-MANI-CORAZON-Y-CALCIO.pdf\">Conoc\u00e9 el retorno de inversi\u00f3n con Powerplant Calcio<\/a><\/p>\n<p><em><strong>Ensayos:<\/strong><\/em><\/p>\n<ul>\n<li><a href=\"https:\/\/acogra.com\/wp-content\/uploads\/2024\/05\/ENSAYO-MANI-INTA-23-24.pdf\">Ensayo cultivo Mani \/ INTA &#8211; Gral. Cabrera a cargo de Ricardo Pedelini 2023\/2024<\/a><\/li>\n<li><a href=\"http:\/\/acogra.com\/wp-content\/uploads\/2022\/12\/IF-ACOGRA-Mani.pdf\" target=\"_blank\" rel=\"noopener\">Ensayo comparativo de rendimiento l\u00ednea PowerPlant, cultivo de man\u00ed en microparcelas<\/a><\/li>\n<\/ul>\n","protected":false},"featured_media":1287,"comment_status":"open","ping_status":"closed","template":"","meta":{"site-sidebar-layout":"default","site-content-layout":"default","ast-site-content-layout":"default","site-content-style":"default","site-sidebar-style":"default","ast-global-header-display":"","ast-banner-title-visibility":"","ast-main-header-display":"","ast-hfb-above-header-display":"","ast-hfb-below-header-display":"","ast-hfb-mobile-header-display":"","site-post-title":"","ast-breadcrumbs-content":"","ast-featured-img":"","footer-sml-layout":"","ast-disable-related-posts":"","theme-transparent-header-meta":"default","adv-header-id-meta":"","stick-header-meta":"","header-above-stick-meta":"","header-main-stick-meta":"","header-below-stick-meta":"","astra-migrate-meta-layouts":"set","ast-page-background-enabled":"default","ast-page-background-meta":{"desktop":{"background-color":"var(--ast-global-color-4)","background-image":"","background-repeat":"repeat","background-position":"center center","background-size":"auto","background-attachment":"scroll","background-type":"","background-media":"","overlay-type":"","overlay-color":"","overlay-opacity":"","overlay-gradient":""},"tablet":{"background-color":"","background-image":"","background-repeat":"repeat","background-position":"center center","background-size":"auto","background-attachment":"scroll","background-type":"","background-media":"","overlay-type":"","overlay-color":"","overlay-opacity":"","overlay-gradient":""},"mobile":{"background-color":"","background-image":"","background-repeat":"repeat","background-position":"center center","background-size":"auto","background-attachment":"scroll","background-type":"","background-media":"","overlay-type":"","overlay-color":"","overlay-opacity":"","overlay-gradient":""}},"ast-content-background-meta":{"desktop":{"background-color":"var(--ast-global-color-5)","background-image":"","background-repeat":"repeat","background-position":"center center","background-size":"auto","background-attachment":"scroll","background-type":"","background-media":"","overlay-type":"","overlay-color":"","overlay-opacity":"","overlay-gradient":""},"tablet":{"background-color":"var(--ast-global-color-5)","background-image":"","background-repeat":"repeat","background-position":"center center","background-size":"auto","background-attachment":"scroll","background-type":"","background-media":"","overlay-type":"","overlay-color":"","overlay-opacity":"","overlay-gradient":""},"mobile":{"background-color":"var(--ast-global-color-5)","background-image":"","background-repeat":"repeat","background-position":"center center","background-size":"auto","background-attachment":"scroll","background-type":"","background-media":"","overlay-type":"","overlay-color":"","overlay-opacity":"","overlay-gradient":""}},"_joinchat":[]},"product_brand":[],"product_cat":[31,19,18],"product_tag":[],"class_list":{"0":"post-40","1":"product","2":"type-product","3":"status-publish","4":"has-post-thumbnail","6":"product_cat-hortalizas","7":"product_cat-mani","8":"product_cat-vid-y-frutales","9":"desktop-align-center","10":"tablet-align-left","11":"mobile-align-left","13":"first","14":"instock","15":"shipping-taxable","16":"product-type-simple"},"_links":{"self":[{"href":"https:\/\/acogra.com\/index.php\/wp-json\/wp\/v2\/product\/40","targetHints":{"allow":["GET"]}}],"collection":[{"href":"https:\/\/acogra.com\/index.php\/wp-json\/wp\/v2\/product"}],"about":[{"href":"https:\/\/acogra.com\/index.php\/wp-json\/wp\/v2\/types\/product"}],"replies":[{"embeddable":true,"href":"https:\/\/acogra.com\/index.php\/wp-json\/wp\/v2\/comments?post=40"}],"wp:featuredmedia":[{"embeddable":true,"href":"https:\/\/acogra.com\/index.php\/wp-json\/wp\/v2\/media\/1287"}],"wp:attachment":[{"href":"https:\/\/acogra.com\/index.php\/wp-json\/wp\/v2\/media?parent=40"}],"wp:term":[{"taxonomy":"product_brand","embeddable":true,"href":"https:\/\/acogra.com\/index.php\/wp-json\/wp\/v2\/product_brand?post=40"},{"taxonomy":"product_cat","embeddable":true,"href":"https:\/\/acogra.com\/index.php\/wp-json\/wp\/v2\/product_cat?post=40"},{"taxonomy":"product_tag","embeddable":true,"href":"https:\/\/acogra.com\/index.php\/wp-json\/wp\/v2\/product_tag?post=40"}],"curies":[{"name":"wp","href":"https:\/\/api.w.org\/{rel}","templated":true}]}}